he prime factors of p?
61, 73
Suppose 0 = 14*u - 15*u + 54. Suppose 3*q + 55 = 2*l, -q = -2*l + q + u. What are the prime factors of l?
2, 13
Let k = 17 - 18. Let y be k + -1*(-5 - -2). List the prime factors of 3 - 11/(-2)*y.
2, 7
Let w(g) = g**2 + 2*g + 93. Let a be w(0). Let t = -37 + a. Suppose 0 = -3*l + t + 88. List the prime factors of l.
2, 3
Let t be 0 - (0 - -1) - 16. Let v = 21 + t. Suppose 2*m + v*l - 114 = 0, -m + 4*l + 9 = -30. List the prime factors of m.
3, 17
Suppose -6*d + 132 = -2*d - 2*c, -2*d + 62 = c. Suppose d*p = 34*p - 166. What are the prime factors of p?
83
Let m be 0 + 5/((-15)/(-3)). Suppose h + 0 = -m, 2*x - 5*h = 5. Suppose 5*j - 3*l = 342, x*l - 277 = -4*j - l. List the prime factors of j.
3, 23
Let n = 6937 - 1126. List the prime factors of n.
3, 13, 149
Let z = 139 + -195. Let u = 0 - z. What are the prime factors of u?
2, 7
Suppose -3*z - 3*s + 5151 = 0, 31*s - 6856 = -4*z + 33*s. What are the prime factors of z?
5, 7
Let j(z) = -z**2 + 4*z. Let t be j(-3). Let o = t - -96. What are the prime factors of o?
3, 5
Let d(t) = 133*t - 651. What are the prime factors of d(20)?
7, 41
Suppose 0*t - 27 = 3*t. Let b be 2*t + 3 + -2. Let z = -11 - b. List the prime factors of z.
2, 3
Let v(c) = -40*c + 32. Let s be v(-9). Suppose s = 5*j + 2*j. What are the prime factors of j?
2, 7
Let y = -24 + 11. Let s(d) = -d**3 - 13*d**2 + d + 18. Let o be s(y). What are the prime factors of 27 + o + -1 + -3?
2, 7
Let b(x) = -2*x**3 + 4*x**2 + 2*x - 2. Let f be b(-2). Suppose 4*a - 14 = f. What are the prime factors of a?
2, 5
List the prime factors of (-1356)/(-16) + 3/12 - -2.
3, 29
List the prime factors of -3*3/18*0 - -46.
2, 23
Suppose -4*s + 8*s = 0. Suppose s*q - 110 = -5*q. List the prime factors of q.
2, 11
Let h be (290/(-5))/((-4)/16*2). Suppose v = g + h, -5*v + 2*g - 131 = -6*v. List the prime factors of v.
11
Let m(g) = -g**3 - 5*g**2. Let w be m(-5). Suppose w = 3*n + 6 - 12. Suppose -n*y = -u + y + 49, -3*u = 3*y - 159. What are the prime factors of u?
2, 13
Let a(i) be the first derivative of i**3/3 - i**2/2 - 34*i - 53. List the prime factors of a(-15).
2, 103
Suppose 5*h + 1491 = 5*m - 3024, -4545 = -5*m - 5*h. List the prime factors of m.
2, 3, 151
Let a = -140 - -205. List the prime factors of a.
5, 13
Let i(t) = 3*t**2 + 19*t + 25. What are the prime factors of i(-8)?
5, 13
Let q(b) = -6*b - 2. Let v(f) = 5*f**2 + 3*f + 1. Let u be v(-1). Let h be q(u). Let p = 56 + h. What are the prime factors of p?
2, 3
Let p(m) = m**3 + 17*m**2 + 16*m + 36. Let y be p(-15). Let i = y + -176. What are the prime factors of i?
2, 5, 7
Let v(q) = -q**3 - 17*q**2 - 17*q - 13. Let x be v(-16). Suppose 0 = -x*h - 2*g + 68, -g = 3*g + 20. What are the prime factors of h?
2, 13
Let y(j) = j + 8. Let i be y(10). Let k = i + -15. What are the prime factors of (k - (-2 - -5)) + 54?
2, 3
Suppose -k = 2*q - 39 + 7, 172 = 4*k - 3*q. Suppose -3*y - r = -k, y + 3*r - r - 20 = 0. List the prime factors of 2/y - 107/(-6).
2, 3
List the prime factors of -4*(-4)/(40/1005).
2, 3, 67
Let y = -13 - -16. Suppose -y*u + 9 = -123. Suppose -g + 6*g - 13 = -f, -u = -2*f - g. What are the prime factors of f?
23
Let y(d) be the first derivative of -d**4/4 + d - 6. Let v(z) = -3*z**3 - 4*z**2 - 6*z + 2. Let p(w) = v(w) - 4*y(w). What are the prime factors of p(6)?
2, 17
Suppose 3*u + 39 = t + 2*t, 3*t + 73 = -5*u. Let r(c) = c**3 + 13*c**2 - 26*c + 17. List the prime factors of r(u).
5, 37
Suppose -6*z - 879 + 6177 = 0. Suppose 12*g - 281 = z. What are the prime factors of g?
97
Suppose 5*n + 32 = 4*m - 2*m, 0 = -m - 4*n - 10. Suppose m*w - 719 = 397. What are the prime factors of w?
2, 3, 31
Suppose 0 = -3*g - 7 + 13. What are the prime factors of 0 + g + 11 + 30?
43
What are the prime factors of (5*3249)/9 + 6?
1811
Let l be 1/(-2) + 108/(-8). Let o = l - -14. Suppose -q = 3, h + o*q = q + 14. What are the prime factors of h?
11
Suppose 3*a - 4*a = -5*a. Suppose a = -13*j + 37 + 652. What are the prime factors of j?
53
Let m(u) = -1 + 9*u + 2 - 5 - 9. List the prime factors of m(5).
2
Suppose -3*t = n - 1163, n = 21*t - 17*t - 1539. List the prime factors of t.
2, 193
Let u = 3156 - -1909. What are the prime factors of u?
5, 1013
Suppose -2*c + 190 = -14. What are the prime factors of c?
2, 3, 17
Let t = 1544 + -311. What are the prime factors of t?
3, 137
Suppose 0 = b - 3*a - 541, -4*b - 6*a = -5*a - 2138. List the prime factors of b.
5, 107
Let l(f) = -f**2 + 12*f - 2. Let y be l(-10). Let x be y/(-8) - 4/(-16). Let h = x + -17. What are the prime factors of h?
11
List the prime factors of 2/(-8 - (-77992)/9748).
2437
Suppose 3*i = -4*n - 168, -5*i + 59 + 51 = -2*n. List the prime factors of (-6744)/n - 2/(-15).
2, 3, 5
Let r = 608 + -276. What are the prime factors of r?
2, 83
Let m be ((-15)/(-10))/((-1)/2). Let u be (2/(-6))/(m/(-207)). Let w = 34 + u. What are the prime factors of w?
11
Suppose t = -2*z + 82 - 17, 4*t = 3*z + 216. Suppose -x - 17 = -t. Suppose -x = -5*n + n. List the prime factors of n.
2, 5
Let b(a) = 8*a**2 - 4*a - 15. Let d be b(7). Let q = d + -126. List the prime factors of q.
223
Let z(x) = x**3 + x - 2. Let k be z(0). Let a be (k/6)/(1/(-6)). Suppose -69 - 17 = -a*s. What are the prime factors of s?
43
Let d(k) = k**2 + 5*k + 1. Let u(r) = 3*r + 38. Let c be u(-11). List the prime factors of d(c).
3, 17
Let i(x) be the third derivative of x**5/60 + 7*x**4/24 - 2*x**3/3 - 3*x**2 - 11*x. Let f = -9 + -1. What are the prime factors of i(f)?
2, 13
Let c = -739 + 1732. What are the prime factors of c?
3, 331
Let p(g) be the first derivative of -34*g**3/3 - g**2/2 + 2*g - 6. Let f be p(-2). List the prime factors of 662/11 - (-24)/f.
2, 3, 5
Suppose 760 + 977 = 9*m. List the prime factors of m.
193
Suppose -4*b - f - 3596 = -12294, 10 = 5*f. List the prime factors of b.
2, 1087
Let w = -83 - -85. List the prime factors of 40*(8 + 4)/w.
2, 3, 5
Let g(m) = 38*m**2 - 3. Let w = -4 + 6. What are the prime factors of g(w)?
149
Let a be ((-32)/(-3))/((-34)/(-51)). List the prime factors of (-2)/(-4) - (-376)/a.
2, 3
Let w be (-2)/4*(0 - 0). Suppose s - 11 = -w*s. Let g = 15 - s. List the prime factors of g.
2
Let x(w) = w**2 - 11*w - 30. List the prime factors of x(-14).
2, 5
Let s = -6 - -9. Suppose -2*w - 17 = -3*w + s*b, 0 = w - 4*b - 22. Suppose 0 = -w*o + q + 116, -5*o = -8*o + 3*q + 168. What are the prime factors of o?
2, 3, 5
Suppose -3*q + 2 = 4*y, -4*q + 4 = -q + 2*y. Suppose -b - 3*w = 2, -3*w = 4*b + 1 - q. Let r(a) = 12*a**3 - a**2 - a + 2. List the prime factors of r(b).
2, 3
Let v = 1562 - 328. List the prime factors of v.
2, 617
Let m(v) be the first derivative of -11/2*v**2 - 1 + 0*v. List the prime factors of m(-1).
11
Suppose -1405 = -2*h - 3*h. Let g = -138 + h. List the prime factors of g.
11, 13
Let h = 3573 - 108. What are the prime factors of h?
3, 5, 7, 11
Let g(d) = -d**3 + 17*d**2 - 21*d + 23. Let t(l) = l**3 - 16*l**2 + 20*l - 23. Let y(f) = -4*g(f) - 3*t(f). List the prime factors of y(19).
2, 3
Let a(g) = -2*g**2 + 16*g + 16. Let d be a(-12). Let j = 709 + d. What are the prime factors of j?
5, 7
Suppose 106*i - 109*i + 15 = 0. Suppose i*o + 158 = 578. What are the prime factors of o?
2, 3, 7
Let a be 6 - (8 - 4) - 4. What are the prime factors of (9 - -204)/((-3)/a)?
2, 71
Let z(a) = -a**3 + 12*a**2 - 8*a + 18. Let v be z(12). Let y = 145 + v. List the prime factors of y.
67
Suppose 0 = -2*j + 5*j - 9. Let n(h) = -6 - 13*h**2 + 22*h - 4*h + h**j - 4*h - 4. List the prime factors of n(12).
2, 7
Let t = 51 - 47. Suppose t*i + 34 = 5*i. What are the prime factors of i?
2, 17
Let r be (-2)/(-11) + (-340)/55. What are the prime factors of ((-6)/(-5))/1*(-520)/r?
2, 13
Suppose f - 5 + 1 = 0. Suppose a + 5*c + 23 = 0, -3*a - f = 3*c + 5. Let r = 9 + a. What are the prime factors of r?
11
Let a be 10*(7 + (-198)/30). Let w(o) = 3*o**3 + o**2 - 6*o. Let p(b) = b**3 + b**2 - b. Let z(r) = -2*p(r) + w(r). What are the prime factors of z(a)?
2
Let n = 13 - 23. Let p = n + 3. Let o(f) = -2*f - 3. List the prime factors of o(p).
11
Suppose 59*m - 29276 = 46*m. What are the prime factors of m?
2, 563
Let d = 8 + -3. Suppose -4*b + 8*b + d*u + 3 = 0, -3*b - 5*u - 6 = 0. Suppose 96 + 3 = b*l - j, 0 = -4*j - 12. Wha